 ten thousands digit of 383318?
8
What is the ten thousands digit of 7760161?
6
What is the tens digit of 2970254?
5
What is the tens digit of 119841?
4
What is the hundred thousands digit of 5577602?
5
What is the ten thousands digit of 547464?
4
What is the units digit of 979265?
5
What is the thousands digit of 24059666?
9
What is the thousands digit of 19233691?
3
What is the tens digit of 16851733?
3
What is the units digit of 5353111?
1
What is the hundred thousands digit of 173566?
1
What is the ten thousands digit of 1261079?
6
What is the units digit of 148671?
1
What is the units digit of 533508?
8
What is the thousands digit of 348209?
8
What is the thousands digit of 29851089?
1
What is the millions digit of 2942795?
2
What is the hundreds digit of 1948212?
2
What is the tens digit of 242330?
3
What is the tens digit of 884147?
4
What is the thousands digit of 89864?
9
What is the hundred thousands digit of 442569?
4
What is the hundreds digit of 15771153?
1
What is the millions digit of 14581914?
4
What is the millions digit of 3293655?
3
What is the units digit of 456263?
3
What is the hundred thousands digit of 253064?
2
What is the tens digit of 37936713?
1
What is the ten thousands digit of 199821?
9
What is the hundred thousands digit of 1249589?
2
What is the units digit of 101526?
6
What is the tens digit of 97003?
0
What is the millions digit of 3462463?
3
What is the millions digit of 2240819?
2
What is the units digit of 229838?
8
What is the hundred thousands digit of 389916?
3
What is the tens digit of 3721826?
2
What is the hundreds digit of 738943?
9
What is the hundred thousands digit of 4995138?
9
What is the units digit of 182261?
1
What is the ten thousands digit of 13379797?
7
What is the hundred thousands digit of 3969885?
9
What is the tens digit of 62876?
7
What is the tens digit of 65857?
5
What is the ten millions digit of 10356570?
1
What is the units digit of 371278?
8
What is the hundreds digit of 2664839?
8
What is the hundred thousands digit of 12542582?
5
What is the hundreds digit of 3280563?
5
What is the hundred thousands digit of 3735774?
7
What is the thousands digit of 3285137?
5
What is the tens digit of 3181288?
8
What is the hundreds digit of 15455392?
3
What is the tens digit of 155735?
3
What is the tens digit of 106965?
6
What is the millions digit of 8923105?
8
What is the hundred thousands digit of 955306?
9
What is the hundreds digit of 101190?
1
What is the hundreds digit of 988864?
8
What is the hundred thousands digit of 397513?
3
What is the units digit of 940115?
5
What is the ten thousands digit of 9584191?
8
What is the hundred thousands digit of 169389?
1
What is the tens digit of 5827287?
8
What is the hundreds digit of 10604720?
7
What is the millions digit of 1168710?
1
What is the units digit of 1929087?
7
What is the hundreds digit of 5054055?
0
What is the tens digit of 3212011?
1
What is the hundred thousands digit of 626236?
6
What is the ten millions digit of 13171162?
1
What is the hundred thousands digit of 2928797?
9
What is the hundreds digit of 76762?
7
What is the units digit of 39493?
3
What is the thousands digit of 227763?
7
What is the units digit of 146455?
5
What is the tens digit of 321898?
9
What is the hundred thousands digit of 1157220?
1
What is the thousands digit of 471937?
1
What is the thousands digit of 693589?
3
What is the ten thousands digit of 3521068?
2
What is the units digit of 3084987?
7
What is the hundred thousands digit of 4829948?
8
What is the tens digit of 1694484?
8
What is the millions digit of 1042580?
1
What is the hundreds digit of 490659?
6
What is the thousands digit of 119646?
9
What is the ten thousands digit of 4933682?
3
What is the millions digit of 2914851?
2
What is the units digit of 259141?
1
What is the millions digit of 27441939?
7
What is the tens digit of 194722?
2
What is the thousands digit of 225009?
5
What is the hundred thousands digit of 198392?
1
What is the hundred thousands digit of 7829750?
8
What is the units digit of 820848?
8
What is the hundreds digit of 224630?
6
What is the ten thousands digit of 217046?
1
What is the thousands digit of 488081?
8
What is the tens digit of 1791400?
0
What is the hundreds digit of 9788037?
0
What is the thousands digit of 428617?
8
What is the ten thousands digit of 14252360?
5
What is the ten thousands digit of 346005?
4
What is the units digit of 146325?
5
What is the hundreds digit of 80897?
8
What is the hundred thousands digit of 2263041?
2
What is the millions digit of 11496576?
1
What is the tens digit of 803803?
0
What is the millions digit of 5560929?
5
What is the tens digit of 312128?
2
What is the hundreds digit of 6313?
3
What is the units digit of 6532?
2
What is the thousands digit of 129379?
9
What is the millions digit of 5622717?
5
What is the tens digit of 933993?
9
What is the thousands digit of 9497771?
7
What is the ten thousands digit of 9978572?
7
What is the tens digit of 215271?
7
What is the tens digit of 318912?
1
What is the tens digit of 1390724?
2
What is the ten millions digit of 16761667?
1
What is the millions digit of 19013367?
9
What is the tens digit of 82676?
7
What is the hundreds digit of 2240657?
6
What is the thousands digit of 1255968?
5
What is the tens digit of 8286814?
1
What is the tens digit of 1367408?
0
What is the tens digit of 27118471?
7
What is the ten thousands digit of 5936402?
3
What is the tens digit of 330714?
1
What is the units digit of 14736858?
8
What is the units digit of 22953345?
5
What is the thousands digit of 2778204?
8
What is the tens digit of 2780022?
2
What is the thousands digit of 3188789?
8
What is the units digit of 78485?
5
What is the ten thousands digit of 4858320?
5
What is the hundreds digit of 241932?
9
What is the tens digit of 3326834?
3
What is the units digit of 129104?
4
What is the tens digit of 145272?
7
What is the ten thousands digit of 9953180?
5
What is the tens digit of 1260601?
0
What is the millions digit of 2326947?
2
What is the tens digit of 298882?
8
What is the tens digit of 1599138?
3
What is the millions digit of 34783010?
4
What is the tens digit of 32745024?
2
What is the thousands digit of 108447?
8
What is the thousands digit of 1593479?
3
What is the units digit of 880169?
9
What is the hundred thousands digit of 118720?
1
What is the hundreds digit of 987042?
0
What is the ten thousands digit of 578409?
7
What is the ten thousands digit of 28468106?
6
What is the units digit of 6970006?
6
What is the tens digit of 215234?
3
What is the hundreds digit of 36944862?
8
What is the units digit of 1065810?
0
What is the hundreds digit of 6514131?
1
What is the ten thousands digit of 1398391?
9
What is the hundred thousands digit of 176624?
1
What is the ten thousands digit of 282616?
8
What is the hundreds digit of 11808780?
7
What is the thousands digit of 3261682?
1
What is the units digit of 264279?
9
What is the ten thousands digit of 93595?
9
What is the hundred thousands digit of 849732?
8
What is the tens digit of 745937?
3
What is the hundreds digit of 12394764?
7
What is the tens digit of 22325704?
0
What is the hundreds digit of 2020969?
9
What is the hundreds digit of 2243578?
5
What is the hundreds digit of 13215959?
9
What is the ten thousands digit of 721686?
2
What is the ten thousands digit of 2100517?
0
What is the hundreds digit of 401797?
7
What is the thousands digit of 13767489?
7
What is the units digit of 1339669?
9
What is the tens digit of 3089366?
6
What is the units digit of 20850698?
8
What is the thousands digit of 6404274?
4
What is the millions digit of 2672883?
2
What is the millions digit of 19118156?
9
What is the ten thousands digit of 4802066?
0
What is the units digit of 131458?
8
What is the hundreds digit of 12860952?
9
What is the units digit of 317595?
5
What is the hundreds digit of 35510438?
4
What is the hundred thousands digit of 12009858?
0
What is the hundreds digit of 1643988?
9
What is the tens digit of 318152?
5
What is the thousands digit of 36702?
6
What is the units digit of 1060743?
3
What is the units digit of 2186606?
6
What is the millions digit of 1759572?
1
What is the units digit of 472456?
6
What is t